6
Let m(u) = 45*u + 84. What is m(-2)?
-6
Let q(b) = -3*b**2 + 31*b - 31. Calculate q(14).
-185
Let b(n) = 2*n**2 - 53*n - 1647. Calculate b(45).
18
Let q(p) = p**3 - 31*p**2 + 6*p + 65. Give q(31).
251
Let t(l) = 1721*l - 67118. What is t(39)?
1
Let h(b) = -b**3 + 22*b**2 - 62*b - 14. Give h(19).
-109
Let a(i) = 8234*i + 82346. Give a(-10).
6
Let s(h) = 10*h + 310. Calculate s(-25).
60
Let o(b) = -167*b**3 - 6*b**2 - b + 3. Calculate o(-1).
165
Let i(x) = -x**2 - 40*x - 220. What is i(-7)?
11
Let h(x) = -35*x + 6972. Give h(199).
7
Let o(b) = 33*b**2 + 2039*b - 210. Give o(-62).
224
Let n(z) = z**3 + 21*z**2 + 109*z + 9. What is n(-9)?
0
Let i(x) = 2927*x + 2925. Determine i(-1).
-2
Let f(x) = -x**3 - 13*x**2 - 10*x + 69. Determine f(-11).
-63
Let l(t) = t**3 + 109*t**2 - 295*t - 32160. Determine l(-109).
-5
Let y(m) = 13*m**2 + 6*m - 8. Determine y(1).
11
Let v(o) = 44*o - 292. Give v(7).
16
Let f(u) = 387*u - 14341. What is f(37)?
-22
Let b(u) = 59*u + 478. What is b(-7)?
65
Let r(t) = -10490*t - 20991. Calculate r(-2).
-11
Let x(y) = -2*y**2 + 90*y - 1009. Give x(26).
-21
Let s(b) = -31*b - 89. What is s(-3)?
4
Let r(l) = l**2 - 94*l + 1423. Determine r(19).
-2
Let q(o) = 5*o**2 + 86*o + 83. What is q(-1)?
2
Let g(k) = 5*k + 306. Determine g(-35).
131
Let o(x) = 100*x - 1115. Calculate o(9).
-215
Let z(l) = -155*l - 3258. Give z(-21).
-3
Let l(v) = 3*v**2 - 148*v - 249. What is l(51)?
6
Let z(u) = -u**2 - 155*u - 2703. Give z(-20).
-3
Let t(w) = -w**3 - 2*w**2 + 16*w + 35. Give t(-4).
3
Let h(z) = 8*z**2 + 176*z + 14. Give h(-22).
14
Let o(j) = -2*j**3 - 2*j**2 + 38*j + 18. Calculate o(-6).
150
Let g(v) = v**3 + v**2 + 7*v + 46. What is g(-4)?
-30
Let p(d) = -1488*d - 13383. Give p(-9).
9
Let d(l) = 72*l + 1501. Determine d(-22).
-83
Let q(v) = 6*v**2 - 386*v + 3588. Give q(53).
-16
Let r(h) = -h - 56. Determine r(10).
-66
Let y(z) = 150*z + 17250. Calculate y(-115).
0
Let p(j) = j**3 + 27*j**2 - 51*j + 263. Determine p(-29).
60
Let d(i) = 322*i - 685. Give d(2).
-41
Let i(q) = -q**2 + 3. What is i(0)?
3
Let b(u) = -87*u - 1580. Determine b(-18).
-14
Let j(k) = -k**3 - 9*k**2 + 13*k + 32. What is j(-10)?
2
Let r(y) = -y**3 + 14*y**2 - 4*y + 6. Give r(14).
-50
Let m(s) = -447*s + 87619. What is m(196)?
7
Let c(k) = k**3 - 4*k**2 - 56*k + 213. Calculate c(4).
-11
Let o(c) = c**3 + 21*c**2 - 77*c - 1220. Give o(-22).
-10
Let r(v) = -4*v + 29. Calculate r(26).
-75
Let n(s) = -293*s + 47753. Calculate n(163).
-6
Let u(v) = v**3 + 103*v**2 + 2599*v + 124. Determine u(-44).
-8
Let w(v) = v**2 + 10*v - 751. What is w(-33)?
8
Let f(p) = -p**3 + 2*p**2 - 7*p - 24. What is f(-2)?
6
Let w(y) = 2*y**2 + 174*y - 1291. Calculate w(7).
25
Let t(g) = -99*g + 25. Calculate t(2).
-173
Let j(m) = m**2 + 9*m - 151. Calculate j(0).
-151
Let k(d) = 5*d**2 - 234*d - 106. Calculate k(48).
182
Let d(g) = g**3 + 57*g**2 + 6*g + 281. Calculate d(-57).
-61
Let p(n) = 5*n**3 + 26*n**2 + 42*n + 187. What is p(-5)?
2
Let p(f) = 19*f + 12. Calculate p(-1).
-7
Let p(v) = 6*v - 531. What is p(91)?
15
Let k(c) = -c**3 + 15*c**2 - 10*c + 17. What is k(14)?
73
Let p(q) = 67*q - 4349. Give p(65).
6
Let i(y) = -2*y**2 - 27*y + 8. Calculate i(-17).
-111
Let g(i) = -2*i**3 - 47*i**2 - 306*i - 352. What is g(-11)?
-11
Let u(y) = 37*y - 189. Give u(5).
-4
Let r(i) = -107*i + 763. Calculate r(8).
-93
Let r(n) = -3*n**2 - n + 161. Calculate r(6).
47
Let r(c) = -2*c**2 - 125*c - 433. Determine r(-54).
485
Let y(m) = m**3 - 37*m**2 - 205*m - 5. Determine y(42).
205
Let w(y) = y**2 - 25*y + 74. Determine w(10).
-76
Let z(h) = -7*h - 62. Calculate z(-21).
85
Let a(o) = 73*o**3 - 109*o - 214. Determine a(-2).
-580
Let j(n) = 2*n**3 + 10*n**2 - 23*n + 23. What is j(-7)?
-12
Let m(q) = -2*q**3 + 2*q**2 - 28*q + 12. Calculate m(0).
12
Let m(w) = -15*w - 84. Determine m(-11).
81
Let g(y) = -35*y - 510. Give g(-15).
15
Let f(r) = r**3 + 115*r**2 - 985*r - 121. Give f(-123).
2
Let w(k) = -36*k + 954. Determine w(24).
90
Let m(b) = -68*b**3 + 15*b**2 - 10*b - 4. Determine m(1).
-67
Let z(p) = -p**3 + 77*p**2 - 4*p + 163. Determine z(77).
-145
Let w(g) = g**3 + 3*g**2 - 10*g + 17. What is w(-6)?
-31
Let q(b) = 8*b**3 - 4*b**2 + 10*b - 7. Calculate q(2).
61
Let v(r) = r**3 - 30*r**2 - 157*r + 3913. Determine v(31).
7
Let v(x) = 2*x**2 + 4*x + 3. Give v(-6).
51
Let i(w) = -2*w**2 + 400*w - 11034. What is i(33)?
-12
Let i(m) = -176*m - 689. What is i(-4)?
15
Let g(q) = -147*q - 10180. What is g(-69)?
-37
Let u(g) = 49*g + 509. What is u(-12)?
-79
Let w(h) = -h**3 - 143*h**2 + 166*h + 3161. Calculate w(-144).
-7
Let u(c) = c**3 - 42*c**2 - 76*c - 522. Give u(44).
6
Let w(n) = -n**3 + 20*n**2 + 43*n + 21. Calculate w(22).
-1
Let g(o) = -o**3 + 11*o**2 - 59*o + 274. Determine g(8).
-6
Let d(q) = -q**3 + q**2 + 3*q - 51. Determine d(5).
-136
Let z(k) = 2*k**3 - 183*k**2 + 608*k + 710. What is z(88)?
6
Let r(y) = -5*y**2 - 78*y + 856. Calculate r(-23).
5
Let a(q) = -q**3 + 8*q**2 + 28*q - 226. Determine a(7).
19
Let k(a) = -8*a**2 - 187*a + 44. Determine k(-24).
-76
Let n(x) = -3*x**2 + 283*x + 487. Determine n(96).
7
Let u(a) = -a**3 + 19*a - 8. Calculate u(4).
4
Let s(h) = -25*h**2 + 19*h - 17. Give s(1).
-23
Let v(z) = -2*z**3 - 9*z**2 + 177*z + 701. Determine v(-10).
31
Let k(f) = 5*f**2 - 93*f - 25. Give k(20).
115
Let m(q) = -3*q**2 - 36*q - 4. What is m(-9)?
77
Let p(x) = 60*x + 381. What is p(-6)?
21
Let l(a) = -2*a**2 - 37*a - 199. What is l(-21)?
-304
Let u(p) = 6*p**3 + 46*p**2 + 129*p + 1166. Give u(-8).
6
Let m(c) = -2*c - 39. Give m(8).
-55
Let c(b) = -1191*b - 2429. Calculate c(-2).
-47
Let a(k) = -266*k - 32714. What is a(-123)?
4
Let m(k) = -11*k**2 + 61*k + 280. Give m(-3).
-2
Let u(j) = 69*j + 288. What is u(-10)?
-402
Let h(v) = -31*v - 547. Give h(-17).
-20
Let o(f) = -11*f - 60. What is o(-5)?
-5
Let q(a) = -a**2 + 122*a + 10216. What is q(-57)?
13
Let y(p) = -p**3 + 30*p**2 - 59*p + 78. Determine y(28).
-6
Let j(g) = -g**2 - 23*g - 89. Give j(-6).
13
Let l(t) = 3*t**3 + 27*t**2 - 179*t - 1603. Give l(-9).
8
Let g(i) = 27*i - 9. Calculate g(1).
18
Let a(g) = 4002*g - 72043. Calculate a(18).
-7
Let r(l) = 3*l**3 - 24*l**2 + 25*l - 25. What is r(7)?
3
Let m(a) = a**2 - 30*a + 39. Determine m(28).
-17
Let c(t) = -4*t**2 + 84*t + 14. Determine c(21).
14
Let g(r) = r**2 + 35*r + 220. Determine g(-25).
-30
Let s(y) = -2*y**2 + 18*y - 85. Calculate s(8).
-69
Let q(i) = -3*i**3 - 279*i**2 - 284*i - 3. What is q(-1)?
5
Let d(b) = 550*b - 19239. Determine d(35).
11
Let l(v) = v**3 - 7*v**2 - 32*v + 46. Give l(10).
26
Let y(s) = -s**3 - 3*s**2 - 7*s - 66. What is y(-5)?
19
Let q(h) = 2*h**2 + 56*h + 183. Calculate q(-24).
-9
Let n(f) = -2*f**2 + 88*f - 161. Calculate n(42).
7
Let s(r) = 40*r**2 + 316*r - 19. Determine s(-8).
13
Let h(a) = 9*a - 257. Give h(28).
-5
Let p(w) = 27*w + 1402. Determine p(-52).
-2
Let m(y) = y**3 + 9*y**2 + 57*y + 382. What is m(-8)?
-10
Let h(v) = 8*v - 293. Calculate h(34).
-21
Let s(i) = 1341*i - 9424. Calculate s(7).
-37
Let m(n) = 113*n - 12434. Calculate m(110).
-4
Let p(b) = 215*b - 635. Calculate p(3).
10
Let s(a) = -9*a**2 + 717*a - 1173. Determine s(78).
-3
Let k(x) = 2588*x**2 + 25881*x + 13. What is k(-10)?
3
Let g(c) = 4*c**2 - c - 41. What is g(3)?
-8
Let u(y) = -y**3 + 14*y**2 - 27*y - 8. Determine u(12).
-44
Let b(p) = -6*p**3 - 4*p**2 - 34*p - 32. Calculate b(-1).
4
Let y(n) = -61*n - 348. Calculate y(-4).
-104
Let h(y) = -y - 234. Give h(-101).
-133
Let q(a) = a**3 - 13*a**2 - 27*a - 10. Determine q(12).
-478
Let l(o) = -11*o + 491. Determine l(8).
403
Let s(y) = -2212*y - 8849. Determine s(-4).
-1
Let u(l) = -18*l**3 + l**2 - 25*l + 44. What is u(2)?
-146
Let c(d) = -d**3 + 107*d**2 - 1993*d + 36. What is c(24)?
12
Let d(h) = -3*h**2 + 136*h - 27. Give d(25).
1498
Let r(a) = 4*a**2 - 53*a - 276. Calculate r(-5).
89
Let d(m) = -13*m**2 + 2092*m + 160. Give d(161).
-1
Let v(n) = -n**3 - 4*n**2 + 49*n + 220. Give v(-6).
-2
Let f(q) = -19*q - 1786. Give f(-76).
-342
Let v(q) = 2*q**2 - 17*q - 5. Calculate v(6).
-35
Let k(v) = -v**3 - 30*v**2 + 65*v - 17. What is k(-32)?
-49
Let z(y) = -2*y**2 - 41*y - 197. Give z(-11).
12
Let x(u) = -109*u - 3165. Determine x(-29).
-4
Let w(b) = -b**3 + 59*b**2 + 43*b - 121. Calculate w(60).
-1141
Let d(a) = -4*a*